- 7. What are the prime factors of j(4)?
5
Suppose -3*i - 5*x + 471 = -2*x, 3*x - 159 = -i. What are the prime factors of i?
2, 3, 13
Let r be 67/2 + (-8)/16. Suppose -f = 2*f - 3*j - r, -5*j - 5 = 0. List the prime factors of f.
2, 5
Let v = 433 + -237. List the prime factors of v.
2, 7
Suppose 15 - 3 = d. Suppose 0 = -x + 2*h - 5, x - 15 = -0*x - 3*h. Suppose -o + d = x. What are the prime factors of o?
3
Suppose -i - 5*u + 31 = -44, 2*u + 6 = 0. Suppose 5*y + 5*c = -0*c + i, -y - 5*c = 2. List the prime factors of y.
23
Let p(u) = -6*u**3 - 2*u + 1. What are the prime factors of p(-2)?
53
List the prime factors of (33/9)/((-4)/(-36)).
3, 11
Suppose -2*u + 5 = 21. Let z = u - -18. What are the prime factors of z?
2, 5
Suppose 0 = c + 3*c + 2*u + 14, -2*u = -2*c + 8. Let b be (14 - c) + -1*1. What are the prime factors of (-144)/(-14) + (-4)/b?
2, 5
Let r(k) = k**3 + 12*k**2 - k - 9. Let q be r(-12). Suppose -3*m = 4*f - 34, 3*f - 35 = -q*m + 4. List the prime factors of m.
2, 3
Let z = 71 + -30. Let r = z + -26. List the prime factors of r.
3, 5
List the prime factors of -1*((-45 - 1) + 0).
2, 23
Let b be (-6)/3 - (-8 + 1). Suppose -1 = b*z + 34. Let c(p) = -p + 2. List the prime factors of c(z).
3
Let r(o) = 4*o**2 + 2*o - 1. Let m be 4/(-14) + 36/(-21). What are the prime factors of r(m)?
11
Suppose -208 + 804 = 4*c. What are the prime factors of c?
149
Let j(q) = 1 + 1 - 3 - q. List the prime factors of j(-5).
2
What are the prime factors of 46 - 0 - (15 + -13)?
2, 11
Suppose 0*r + 2*r = -4. Let m(s) = 4*s**2 - 3*s - 1. Let n be m(r). Suppose 0 = 5*w - 2*w - t - 14, -t + n = 4*w. List the prime factors of w.
5
Let x(g) = -g**2 - 8*g - 4. Let c be x(-7). Suppose c*r = 25 + 17. What are the prime factors of r?
2, 7
Let i(p) = -2*p**3 - 5*p**2 - 10. What are the prime factors of i(-5)?
5, 23
Suppose -3*o + 208 = 3*i + 31, 0 = -4*o. List the prime factors of i.
59
Suppose 5*r = 23 + 77. List the prime factors of r.
2, 5
Let f(n) = -n**3 + 7*n**2 + 4. Let s be f(5). Suppose -3*l = m + 2*m - s, 0 = 4*l - 16. List the prime factors of m.
2, 7
Suppose -259 = -6*g - 25. Let m be (-10)/(-2) + 0 + -2. Suppose 0 + g = m*b. What are the prime factors of b?
13
Suppose 2*z = -3*z + 300. Suppose -v + z = 4*v. List the prime factors of v.
2, 3
Suppose 5*b - 315 = -2*g - 3*g, 5*b = 3*g - 229. What are the prime factors of g?
2, 17
Let f(v) = -v**3 + 8*v**2 + v + 1. Let w be f(8). List the prime factors of -4 - -4 - w/(-1).
3
Let g = -99 + 219. Suppose 3*z - 4*u - g = -z, -u + 60 = 2*z. What are the prime factors of z?
2, 3, 5
Let z(v) = -8*v + 2. Let h be z(-4). Let l = h - -14. What are the prime factors of l?
2, 3
Suppose -y - 4*y + 143 = 3*u, 16 = 4*y. Suppose -x - 11 = -u. What are the prime factors of x?
2, 3, 5
Let t(y) = y**2 - 5*y - 1. Suppose -l - 15 = -2*m, 4*m + l - 8 - 13 = 0. Let r be t(m). Suppose 4*j - r*j + 3 = 0. What are the prime factors of j?
3
What are the prime factors of 185/15 + 3/(-9)?
2, 3
Let i(w) = 2*w + 12. List the prime factors of i(-4).
2
Suppose 3*m - l = -4*l + 33, -3*l + 42 = 4*m. List the prime factors of 49/3 + (-3)/m.
2
Let l(a) = a**3 - 9*a**2 + 5*a + 55. List the prime factors of l(11).
2, 11
Let x = -4 - 17. Let o = x + -32. List the prime factors of o/(-5) + 4/10.
11
Let t(h) = 2*h + 6*h - 6*h - 1. What are the prime factors of t(5)?
3
Let l be 2/(-6) + (-10)/6. What are the prime factors of (-25)/l - (-6)/12?
13
Let i(c) = c**3 - 6*c**2 + 5*c + 2. Suppose -2*f = 4 + 4, -3*m + 4*f + 31 = 0. List the prime factors of i(m).
2
Suppose -2*h - 26 = -v, 0 = -3*v + 2*h + 3*h + 76. What are the prime factors of v?
2, 11
Let h(d) = d + 3. Let q be h(-8). Let s = 13 + q. List the prime factors of s.
2
Let h be -6*(-3 - 15/(-6)). Suppose 5*j + 1 = -3*v, -h*v + 2*j + 13 = -6*v. Let u = v + 15. What are the prime factors of u?
2
Suppose -3*y + 2*v + 32 = v, v = 4*y - 44. Suppose 2*u + y = 36. What are the prime factors of u?
2, 3
Suppose -137 = -4*f + 55. What are the prime factors of f?
2, 3
Let w(k) = 4*k**2 + 2*k + 1. Let x be w(-1). Suppose 3*c + 2*v = 8, -5*c + 2*v + 12 = 5*v. Suppose c*l - x*l + 30 = 0. List the prime factors of l.
2, 5
Let w be (0/1 - 0) + 50. Suppose 6*z - w = 4*z. What are the prime factors of z?
5
Let n be (-20)/(-6)*-1*-3. Suppose 5*i - 7 = t + 3, -n = -2*t - 5*i. Suppose 4*r + 0*r - 32 = t. What are the prime factors of r?
2
Let q be ((-21)/35)/(2/(-10)). Suppose -x - q*u = -20, -4*x = -3*x + u - 14. List the prime factors of x.
11
Let a = 10 + -8. Suppose a - 10 = -4*p. Suppose -5*c + 4*v + 38 = 0, 5*c + p*v - 8 = 3*c. List the prime factors of c.
2, 3
Suppose -n - 24 = -2*n. List the prime factors of n.
2, 3
Let x(k) = -k**3 - 12*k**2 + 20*k - 13. What are the prime factors of x(-14)?
3, 11
Let g(t) = -19*t - 3. Let o = 0 + -2. What are the prime factors of g(o)?
5, 7
Let j = -1 + 4. Suppose -44 = 2*i - 5*i - g, 3*i + j*g = 36. List the prime factors of i.
2
Let t be -1*(-3 + (-2)/(-2)). Suppose 4*a + t*o + 39 = -o, -5*a - 57 = o. What are the prime factors of -3 - a - 0/1?
3
Let z = -38 + 73. List the prime factors of z.
5, 7
Let r = 7 + -6. Suppose 0 = -u - r, u + 3*u - 5 = -3*h. Let v(w) = 2*w - 4. What are the prime factors of v(h)?
2
Let h = -47 - -92. Suppose -3*q + 63 = 3*y, -6 = -2*y + q + h. List the prime factors of y.
2, 3
Suppose 4*r + 2*q = 162, -3*q = -0*q + 15. What are the prime factors of r?
43
Let h = 29 + -78. List the prime factors of 14/h*(-1 + -6).
2
List the prime factors of -43*-3*3/9.
43
Let u be ((-6)/(-4))/(6/40). Suppose 0 = 2*k - u, 2*k - 6*k + 130 = 5*h. List the prime factors of h.
2, 11
Let y = -4 + 9. What are the prime factors of y?
5
Let c(z) = z**2 - 6*z + 3. Let s be c(6). Suppose -2 = -x - x, 0 = p - s*x - 13. List the prime factors of p.
2
Let f = 13 + -9. Let p = f + -1. Suppose 0 = 2*t + p*t - 25. List the prime factors of t.
5
Suppose 0 = -2*f - 0 + 6. What are the prime factors of (22 - 9/f) + 1?
2, 5
Suppose -q - 5*l = -3*q - 53, 25 = -5*l. Let j = q + 59. What are the prime factors of j?
2, 5
Let a(n) = 5*n**2 + 3*n - 6. What are the prime factors of a(3)?
2, 3
Let t be 20 - (2 + -3 + 1). Suppose -5*u - 6 = w, -t = w - 3*w - 2*u. List the prime factors of w.
2, 7
Suppose -5*b + 45 = 5*p, -4*p = 2*b + b - 32. Let o(z) = z**2 - 4*z - 2. Let w be o(p). What are the prime factors of 2 - (1 - (w + -1))?
3
Suppose u - 4*b - 27 = 0, 4*u - 8*u = -4*b - 96. List the prime factors of u.
23
Suppose -4*v = -0*v + 4*c + 32, 0 = 4*v - 5*c - 4. Let w be (1*-3)/(3/v). Suppose 9*r = w*r + 35. What are the prime factors of r?
7
What are the prime factors of (-20)/((-1)/((-8)/(-4)))?
2, 5
What are the prime factors of 14/(-4)*(-5704)/161?
2, 31
Suppose 3*o - 6*o + 60 = 0. What are the prime factors of o?
2, 5
Let l(q) = -5*q - 6 + 8*q + q. Let k be l(5). Let c = k + -10. List the prime factors of c.
2
Let s = -11 + 21. Let i be (-2)/(-5) + (-4)/s. Suppose -p + 0 + 9 = i. What are the prime factors of p?
3
Let h(y) be the third derivative of y**4/24 - y**3/3 - 2*y**2. Let r be h(-2). Let k = 17 + r. What are the prime factors of k?
13
Suppose 0 = 2*w - 3*a + 1, -w = -4*a + 7 + 1. Suppose -3*q - 3*f + 24 = 0, 14 = w*q - q + 5*f. List the prime factors of q.
13
Let v = -123 + 278. Suppose -3*h + 5*p + 137 = 0, 0 = -3*h - 5*p + p + v. What are the prime factors of h?
7
Let h(s) = -6*s + 1. Suppose -o + 0 = 2. What are the prime factors of h(o)?
13
Let a = 19 + 195. List the prime factors of a.
2, 107
Suppose 0 = -7*f + 4*f + 51. What are the prime factors of f?
17
Suppose 2*p + 8 = 2*x, -5*p + 0 = -2*x + 14. Let q(d) = d**3 + 14*d**2 + 11*d + 10. Let t be q(-13). Suppose t = 2*w + x*w. What are the prime factors of w?
3
Let k(n) = n**2 + 7*n + 3. Let c be 0/((2 - 3)*-1). Suppose -4*a + 4*q + 0*q - 52 = 0, c = -5*a - 3*q - 25. What are the prime factors of k(a)?
11
Suppose -3*o - 12 + 24 = 0. List the prime factors of o.
2
Let l be 12/(-2) + 3 - -31. Let w = l - -9. List the prime factors of w.
37
Suppose 18 = 5*a - 37. Let r = -6 + a. Suppose 0 = j - 0*y + 3*y, -r*j - y = -28. List the prime factors of j.
2, 3
Let o(u) be the first derivative of -u**3/3 - u + 2. Let n(a) = 3*a**2 + 4. Let m(z) = -2*n(z) - 7*o(z). What are the prime factors of m(-3)?
2
Let g be 4/14 - 26/